{"id":647,"date":"2024-08-06T18:01:46","date_gmt":"2024-08-06T16:01:46","guid":{"rendered":"https:\/\/www.explorando.cl\/transcontinente\/?post_type=destino&#038;p=647"},"modified":"2024-08-07T17:32:31","modified_gmt":"2024-08-07T15:32:31","slug":"caminos-de-la-biblia-3-2-2-3-2","status":"publish","type":"destino","link":"https:\/\/www.explorando.cl\/transcontinente\/destino\/caminos-de-la-biblia-3-2-2-3-2\/","title":{"rendered":"Salvador de Bah\u00eda (Todo incluido)"},"content":{"rendered":"<section class=\"l-section wpb_row height_medium\"><div class=\"l-section-h i-cf\"><div class=\"g-cols vc_row via_grid cols_1 laptops-cols_inherit tablets-cols_inherit mobiles-cols_1 valign_top type_default stacking_default\"><div class=\"wpb_column vc_column_container\"><div class=\"vc_column-inner\"><div class=\"w-slider style_none fit_scaledown\"><div class=\"w-slider-h\"><div class=\"royalSlider\"><div class=\"rsContent\"><a class=\"rsImg\" data-rsw=\"1600\" data-rsh=\"900\" href=\"https:\/\/www.explorando.cl\/transcontinente\/wp-content\/uploads\/2024\/08\/271.jpg\"><span data-alt=\"\"><\/span><\/a><\/div><div class=\"rsContent\"><a class=\"rsImg\" data-rsw=\"1600\" data-rsh=\"900\" href=\"https:\/\/www.explorando.cl\/transcontinente\/wp-content\/uploads\/2024\/08\/261.jpg\"><span data-alt=\"\"><\/span><\/a><\/div><div class=\"rsContent\"><a class=\"rsImg\" data-rsw=\"1600\" data-rsh=\"900\" href=\"https:\/\/www.explorando.cl\/transcontinente\/wp-content\/uploads\/2024\/08\/251.jpg\"><span data-alt=\"\"><\/span><\/a><\/div><\/div><img decoding=\"async\" src=\"https:\/\/www.explorando.cl\/transcontinente\/wp-content\/uploads\/2024\/08\/271.jpg\" width=\"1600\" height=\"900\" alt loading=\"lazy\"><\/div><div class=\"w-slider-json\" onclick='return {&quot;autoScaleSlider&quot;:true,&quot;loop&quot;:true,&quot;fadeInLoadedSlide&quot;:false,&quot;slidesSpacing&quot;:0,&quot;imageScalePadding&quot;:0,&quot;numImagesToPreload&quot;:2,&quot;arrowsNav&quot;:true,&quot;arrowsNavAutoHide&quot;:false,&quot;transitionType&quot;:&quot;move&quot;,&quot;transitionSpeed&quot;:250,&quot;block&quot;:{&quot;moveEffect&quot;:&quot;none&quot;,&quot;speed&quot;:300},&quot;thumbs&quot;:{&quot;fitInViewport&quot;:false},&quot;controlNavigation&quot;:&quot;none&quot;,&quot;imageScaleMode&quot;:&quot;fit-if-smaller&quot;,&quot;autoScaleSliderWidth&quot;:1600,&quot;autoScaleSliderHeight&quot;:900}'><\/div><\/div><div class=\"wpb_text_column\"><div class=\"wpb_wrapper\"><p><strong><em>PRECIO EN D\u00d3LARES<\/em><\/strong><\/p>\n<p><strong><u>VIA LATAM &#8211; Salida 16 de Septiembre 2023<\/u><\/strong><\/p>\n<p>Programa Incluye:<\/p>\n<ul>\n<li>Pasaje a\u00e9reo Santiago \/ Salvador de Bah\u00eda\/ Santiago v\u00eda Latam con escala en ciudad de Sao Paulo.<\/li>\n<li>Traslado aeropuerto \/ hotel \/ aeropuerto en regular.<\/li>\n<li>07 Noches de alojamiento en hotel seleccionado.<\/li>\n<li>Todo Incluido<\/li>\n<li>Impuestos a\u00e9reos.<\/li>\n<li>Mapfre Asistencia en Viaje. (l\u00edmite de edad para emisi\u00f3n, 69 a\u00f1os).<\/li>\n<\/ul>\n<p><strong><u>CONDICIONES GENERALES<\/u><\/strong><\/p>\n<ul>\n<li>Permite reservar desde 01 hasta 31 DE MAYO 2023 Emisi\u00f3n de Pasaje A\u00e9reo por parte de Via Club 15 d\u00edas antes de la salida indicada en itinerario a\u00e9reo.<\/li>\n<li>Pasaje de bloqueo no permite selecci\u00f3n de asientos y estos son asignados por la l\u00ednea a\u00e9rea al momento de la emisi\u00f3n del grupo; independiente de cuando se haya efectuado la reserva por parte de la agencia.<\/li>\n<\/ul>\n<p>Permite viajar :<\/p>\n<ul>\n<li>Inicio de Viaje: 16 de septiembre 2023.<\/li>\n<li>Viaje Finalizado: 24 de septiembre 2023.<\/li>\n<li>Valor aplica por persona, sujeto a disponibilidad al momento de reservar y a cambios sin previo aviso.<\/li>\n<li>Valor ni\u00f1o (CHD) corresponde a menores de m\u00e1ximo 11 a\u00f1os compartiendo habitaci\u00f3n con 2 adultos.<\/li>\n<li>Valor Plan familiar corresponde a 2 adultos + 2 ni\u00f1os compartiendo habitaci\u00f3n.<\/li>\n<li>Traslados regulares desde aeropuerto se\u00f1alado. Consulte por suplemento para traslados privados.<\/li>\n<li>Este programa incluye impuestos a\u00e9reos, sujetos a modificaci\u00f3n por parte de las autoridades de cada pa\u00eds.<\/li>\n<li>(TAX= 59 USD)<\/li>\n<li>TARIFA DE INFANT CORRESPONDE A USD 250.<\/li>\n<li>Una vez emitido el pasaje a\u00e9reo NO tiene devoluci\u00f3n.<\/li>\n<li>Permite cambios de fecha por enfermedad presentando documentaci\u00f3n m\u00e9dica con diagn\u00f3stico y firma del doctor tratante. El cambio queda sujeto a diferencia de tarifa y multa por parte de la aerol\u00ednea. La nueva fecha no puede superar los 12 meses de la salida original.<\/li>\n<li>Vuelos v\u00eda Latam requieren C\u00e9dula de identidad o pasaporte vigente 6 meses a la fecha de regreso del viaje.<\/li>\n<li>El programa est\u00e1 cotizado en la categor\u00eda habitaci\u00f3n m\u00e1s econ\u00f3mica del hotel. Para categor\u00edas superiores consultar a su ejecutivo.<\/li>\n<li>Es responsabilidad de cada pasajero contar con los documentos requeridos para su viaje, vigentes (con m\u00e1s de seis meses de vigencia posterior al t\u00e9rmino) y en buen estado. Por regla general estos incluyen, para cada pasajero, pasaporte, c\u00e9dula de identidad, para los pa\u00edses que excepcionalmente permiten ingresar con este documento en reemplazo del pasaporte, visas en los casos que fuera requerida, para pa\u00edses en tr\u00e1nsito y pa\u00edses de destino, y certificados de determinadas vacunas, para pa\u00edses en que fuera requerido.<\/li>\n<li>Los horarios de check in y check out los fija cada hotel. En general las habitaciones est\u00e1n disponibles para su ingreso a partir de las 15:00 PM y la salida debe ser antes de las 12:00 PM. Salidas posteriores pueden significar cobros adicionales.<\/li>\n<li>Los requerimientos de habitaciones dobles (matrimonial o dos camas), triples, camas extras y\/o cunas est\u00e1n sujetas a confirmaci\u00f3n.<\/li>\n<li>Las habitaciones triples en algunos destinos y hoteles est\u00e1n compuestas por 2 camas matrimoniales, lo que obliga a compartir dichas camas.<\/li>\n<\/ul>\n<\/div><\/div><\/div><\/div><\/div><\/div><\/section>\n","protected":false},"featured_media":684,"template":"","categories":[21],"tags":[],"class_list":["post-647","destino","type-destino","status-publish","has-post-thumbnail","hentry","category-internacional"],"acf":[],"_links":{"self":[{"href":"https:\/\/www.explorando.cl\/transcontinente\/wp-json\/wp\/v2\/destino\/647","targetHints":{"allow":["GET"]}}],"collection":[{"href":"https:\/\/www.explorando.cl\/transcontinente\/wp-json\/wp\/v2\/destino"}],"about":[{"href":"https:\/\/www.explorando.cl\/transcontinente\/wp-json\/wp\/v2\/types\/destino"}],"wp:featuredmedia":[{"embeddable":true,"href":"https:\/\/www.explorando.cl\/transcontinente\/wp-json\/wp\/v2\/media\/684"}],"wp:attachment":[{"href":"https:\/\/www.explorando.cl\/transcontinente\/wp-json\/wp\/v2\/media?parent=647"}],"wp:term":[{"taxonomy":"category","embeddable":true,"href":"https:\/\/www.explorando.cl\/transcontinente\/wp-json\/wp\/v2\/categories?post=647"},{"taxonomy":"post_tag","embeddable":true,"href":"https:\/\/www.explorando.cl\/transcontinente\/wp-json\/wp\/v2\/tags?post=647"}],"curies":[{"name":"wp","href":"https:\/\/api.w.org\/{rel}","templated":true}]}}

Salvador de Bahía (Todo incluido)

<section class="l-section wpb_row height_medium"><div class="l-section-h i-cf"><div class="g-cols vc_row via_grid cols_1 laptops-cols_inherit tablets-cols_inherit mobiles-cols_1 valign_top type_default stacking_default"><div class="wpb_column vc_column_container"><div class="vc_column-inner"><div class="w-slider style_none fit_scaledown"><div class="w-slider-h"><div class="royalSlider"><div class="rsContent"><a class="rsImg" data-rsw="1600" data-rsh="900" href="https://www.explorando.cl/transcontinente/wp-content/uploads/2024/08/271.jpg"><span data-alt=""></span></a></div><div class="rsContent"><a class="rsImg" data-rsw="1600" data-rsh="900" href="https://www.explorando.cl/transcontinente/wp-content/uploads/2024/08/261.jpg"><span data-alt=""></span></a></div><div class="rsContent"><a class="rsImg" data-rsw="1600" data-rsh="900" href="https://www.explorando.cl/transcontinente/wp-content/uploads/2024/08/251.jpg"><span data-alt=""></span></a></div></div><img decoding="async" src="https://www.explorando.cl/transcontinente/wp-content/uploads/2024/08/271.jpg" width="1600" height="900" alt loading="lazy"></div><div class="w-slider-json" onclick='return {&quot;autoScaleSlider&quot;:true,&quot;loop&quot;:true,&quot;fadeInLoadedSlide&quot;:false,&quot;slidesSpacing&quot;:0,&quot;imageScalePadding&quot;:0,&quot;numImagesToPreload&quot;:2,&quot;arrowsNav&quot;:true,&quot;arrowsNavAutoHide&quot;:false,&quot;transitionType&quot;:&quot;move&quot;,&quot;transitionSpeed&quot;:250,&quot;block&quot;:{&quot;moveEffect&quot;:&quot;none&quot;,&quot;speed&quot;:300},&quot;thumbs&quot;:{&quot;fitInViewport&quot;:false},&quot;controlNavigation&quot;:&quot;none&quot;,&quot;imageScaleMode&quot;:&quot;fit-if-smaller&quot;,&quot;autoScaleSliderWidth&quot;:1600,&quot;autoScaleSliderHeight&quot;:900}'></div></div><div class="wpb_text_column"><div class="wpb_wrapper"><p><strong><em>PRECIO EN DÓLARES</em></strong></p>
<p><strong><u>VIA LATAM &#8211; Salida 16 de Septiembre 2023</u></strong></p>
<p>Programa Incluye:</p>
<ul>
<li>Pasaje aéreo Santiago / Salvador de Bahía/ Santiago vía Latam con escala en ciudad de Sao Paulo.</li>
<li>Traslado aeropuerto / hotel / aeropuerto en regular.</li>
<li>07 Noches de alojamiento en hotel seleccionado.</li>
<li>Todo Incluido</li>
<li>Impuestos aéreos.</li>
<li>Mapfre Asistencia en Viaje. (límite de edad para emisión, 69 años).</li>
</ul>
<p><strong><u>CONDICIONES GENERALES</u></strong></p>
<ul>
<li>Permite reservar desde 01 hasta 31 DE MAYO 2023 Emisión de Pasaje Aéreo por parte de Via Club 15 días antes de la salida indicada en itinerario aéreo.</li>
<li>Pasaje de bloqueo no permite selección de asientos y estos son asignados por la línea aérea al momento de la emisión del grupo; independiente de cuando se haya efectuado la reserva por parte de la agencia.</li>
</ul>
<p>Permite viajar :</p>
<ul>
<li>Inicio de Viaje: 16 de septiembre 2023.</li>
<li>Viaje Finalizado: 24 de septiembre 2023.</li>
<li>Valor aplica por persona, sujeto a disponibilidad al momento de reservar y a cambios sin previo aviso.</li>
<li>Valor niño (CHD) corresponde a menores de máximo 11 años compartiendo habitación con 2 adultos.</li>
<li>Valor Plan familiar corresponde a 2 adultos + 2 niños compartiendo habitación.</li>
<li>Traslados regulares desde aeropuerto señalado. Consulte por suplemento para traslados privados.</li>
<li>Este programa incluye impuestos aéreos, sujetos a modificación por parte de las autoridades de cada país.</li>
<li>(TAX= 59 USD)</li>
<li>TARIFA DE INFANT CORRESPONDE A USD 250.</li>
<li>Una vez emitido el pasaje aéreo NO tiene devolución.</li>
<li>Permite cambios de fecha por enfermedad presentando documentación médica con diagnóstico y firma del doctor tratante. El cambio queda sujeto a diferencia de tarifa y multa por parte de la aerolínea. La nueva fecha no puede superar los 12 meses de la salida original.</li>
<li>Vuelos vía Latam requieren Cédula de identidad o pasaporte vigente 6 meses a la fecha de regreso del viaje.</li>
<li>El programa está cotizado en la categoría habitación más económica del hotel. Para categorías superiores consultar a su ejecutivo.</li>
<li>Es responsabilidad de cada pasajero contar con los documentos requeridos para su viaje, vigentes (con más de seis meses de vigencia posterior al término) y en buen estado. Por regla general estos incluyen, para cada pasajero, pasaporte, cédula de identidad, para los países que excepcionalmente permiten ingresar con este documento en reemplazo del pasaporte, visas en los casos que fuera requerida, para países en tránsito y países de destino, y certificados de determinadas vacunas, para países en que fuera requerido.</li>
<li>Los horarios de check in y check out los fija cada hotel. En general las habitaciones están disponibles para su ingreso a partir de las 15:00 PM y la salida debe ser antes de las 12:00 PM. Salidas posteriores pueden significar cobros adicionales.</li>
<li>Los requerimientos de habitaciones dobles (matrimonial o dos camas), triples, camas extras y/o cunas están sujetas a confirmación.</li>
<li>Las habitaciones triples en algunos destinos y hoteles están compuestas por 2 camas matrimoniales, lo que obliga a compartir dichas camas.</li>
</ul>
</div></div></div></div></div></div></section>
