{"id":33,"date":"2020-07-16T13:55:21","date_gmt":"2020-07-16T13:55:21","guid":{"rendered":"http:\/\/impreza21.us-themes.com\/?page_id=33"},"modified":"2024-08-07T16:17:01","modified_gmt":"2024-08-07T14:17:01","slug":"guides","status":"publish","type":"page","link":"https:\/\/www.explorando.cl\/transcontinente\/guides\/","title":{"rendered":"Recomendaciones"},"content":{"rendered":"<section class=\"l-section wpb_row height_medium\"><div class=\"l-section-h i-cf\"><div class=\"g-cols vc_row via_grid cols_1 laptops-cols_inherit tablets-cols_inherit mobiles-cols_1 valign_top type_default stacking_default\"><div class=\"wpb_column vc_column_container\"><div class=\"vc_column-inner\"><h2 class=\"w-text\"><span class=\"w-text-h\"><span class=\"w-text-value\">Recomendaciones<\/span><\/span><\/h2><div class=\"w-grid type_grid layout_365 cols_2\" id=\"us_grid_1\" style=\"--gap:1.5rem;\" data-filterable=\"true\"><style>@media (max-width:600px){#us_grid_1 .w-grid-list{margin:0}#us_grid_1 .w-grid-item{width:100%;padding:0;margin-bottom:var(--gap,0px)}}.layout_365 .w-grid-item-h{}@media(max-width:479px){.layout_365 .usg_post_image_1{display:none!important}}.layout_365 .usg_hwrapper_1{color:var(--color-content-text)!important;margin-right:10%!important;padding-top:6%!important;padding-bottom:6%!important;background:var(--color-content-bg-alt)!important}.layout_365 .usg_vwrapper_1{width:48%!important;margin-left:6%!important;margin-right:0!important}.layout_365 .usg_post_image_1{width:50%!important;margin-left:7%!important;margin-right:-11%!important}.layout_365 .usg_post_date_1{font-size:0.9rem!important}.layout_365 .usg_post_title_1{font-size:1.2rem!important}@media (max-width:600px){.layout_365 .usg_hwrapper_1{margin-left:0!important;margin-right:0!important;padding-top:0!important;padding-bottom:0!important}.layout_365 .usg_vwrapper_1{width:86%!important;margin:7% 7% 5% 7%!important}.layout_365 .usg_post_image_1{width:100%!important;margin-left:0!important;margin-right:0!important}}<\/style><div class=\"w-grid-list\">\t<article class=\"w-grid-item size_1x1 post-605 post type-post status-publish format-standard has-post-thumbnail hentry category-sin-categoria tag-chile tag-desierto\" data-id=\"605\">\r\n\t\t<div class=\"w-grid-item-h\">\r\n\t\t\t\t\t\t<div class=\"w-hwrapper usg_hwrapper_1 has_text_color align_left valign_center wrap\"><div class=\"w-vwrapper usg_vwrapper_1 align_left valign_top\"><h3 class=\"w-post-elm post_title usg_post_title_1 entry-title color_link_inherit\"><a href=\"https:\/\/www.explorando.cl\/transcontinente\/san-pedro-de-atacama-un-viaje-a-los-paisajes-surrealistas-del-desierto-de-atacama\/\">San Pedro de Atacama: Un Viaje a los Paisajes Surrealistas del Desierto de Atacama<\/a><\/h3><time class=\"w-post-elm post_date usg_post_date_1 entry-date published\" datetime=\"2024-08-06T17:25:59+02:00\" title=\"6 agosto 2024 a las 17:25:59 Europe\/Madrid\">6 de agosto de 2024<\/time><\/div><div class=\"w-post-elm post_image usg_post_image_1 has_width stretched\"><a href=\"https:\/\/www.explorando.cl\/transcontinente\/san-pedro-de-atacama-un-viaje-a-los-paisajes-surrealistas-del-desierto-de-atacama\/\" aria-label=\"San Pedro de Atacama: Un Viaje a los Paisajes Surrealistas del Desierto de Atacama\"><img loading=\"lazy\" decoding=\"async\" width=\"900\" height=\"900\" src=\"https:\/\/www.explorando.cl\/transcontinente\/wp-content\/uploads\/2024\/08\/san_pedro.jpg\" class=\"attachment-large size-large wp-post-image\" alt=\"\" srcset=\"https:\/\/www.explorando.cl\/transcontinente\/wp-content\/uploads\/2024\/08\/san_pedro.jpg 900w, https:\/\/www.explorando.cl\/transcontinente\/wp-content\/uploads\/2024\/08\/san_pedro-300x300.jpg 300w, https:\/\/www.explorando.cl\/transcontinente\/wp-content\/uploads\/2024\/08\/san_pedro-150x150.jpg 150w\" sizes=\"auto, (max-width: 900px) 100vw, 900px\" \/><\/a><\/div><\/div>\t\t<\/div>\r\n\t<\/article>\r\n\t<article class=\"w-grid-item size_1x1 post-604 post type-post status-publish format-standard has-post-thumbnail hentry category-chile tag-27 tag-invierno tag-nieve tag-temporada\" data-id=\"604\">\r\n\t\t<div class=\"w-grid-item-h\">\r\n\t\t\t\t\t\t<div class=\"w-hwrapper usg_hwrapper_1 has_text_color align_left valign_center wrap\"><div class=\"w-vwrapper usg_vwrapper_1 align_left valign_top\"><h3 class=\"w-post-elm post_title usg_post_title_1 entry-title color_link_inherit\"><a href=\"https:\/\/www.explorando.cl\/transcontinente\/temporada-de-la-nieve-en-chile\/\">Temporada de la Nieve en Chile<\/a><\/h3><time class=\"w-post-elm post_date usg_post_date_1 entry-date published\" datetime=\"2024-08-06T17:24:14+02:00\" title=\"6 agosto 2024 a las 17:24:14 Europe\/Madrid\">6 de agosto de 2024<\/time><\/div><div class=\"w-post-elm post_image usg_post_image_1 has_width stretched\"><a href=\"https:\/\/www.explorando.cl\/transcontinente\/temporada-de-la-nieve-en-chile\/\" aria-label=\"Temporada de la Nieve en Chile\"><img loading=\"lazy\" decoding=\"async\" width=\"900\" height=\"900\" src=\"https:\/\/www.explorando.cl\/transcontinente\/wp-content\/uploads\/2024\/08\/temporada_nieve.jpg\" class=\"attachment-large size-large wp-post-image\" alt=\"\" srcset=\"https:\/\/www.explorando.cl\/transcontinente\/wp-content\/uploads\/2024\/08\/temporada_nieve.jpg 900w, https:\/\/www.explorando.cl\/transcontinente\/wp-content\/uploads\/2024\/08\/temporada_nieve-300x300.jpg 300w, https:\/\/www.explorando.cl\/transcontinente\/wp-content\/uploads\/2024\/08\/temporada_nieve-150x150.jpg 150w\" sizes=\"auto, (max-width: 900px) 100vw, 900px\" \/><\/a><\/div><\/div>\t\t<\/div>\r\n\t<\/article>\r\n<\/div><div class=\"w-grid-preloader\">\t<div class=\"g-preloader type_1\">\r\n\t\t<div><\/div>\r\n\t<\/div>\r\n\t<\/div>\t<div class=\"w-grid-json hidden\" onclick='return {&quot;action&quot;:&quot;us_ajax_grid&quot;,&quot;ajax_url&quot;:&quot;https:\\\/\\\/www.explorando.cl\\\/transcontinente\\\/wp-admin\\\/admin-ajax.php&quot;,&quot;infinite_scroll&quot;:0,&quot;max_num_pages&quot;:1,&quot;pagination&quot;:&quot;none&quot;,&quot;template_vars&quot;:{&quot;columns&quot;:&quot;2&quot;,&quot;exclude_items&quot;:&quot;none&quot;,&quot;img_size&quot;:&quot;default&quot;,&quot;ignore_items_size&quot;:0,&quot;items_layout&quot;:&quot;365&quot;,&quot;items_offset&quot;:&quot;1&quot;,&quot;load_animation&quot;:&quot;none&quot;,&quot;overriding_link&quot;:&quot;%7B%22url%22%3A%22%22%7D&quot;,&quot;post_id&quot;:0,&quot;query_args&quot;:{&quot;post_type&quot;:[&quot;post&quot;],&quot;post_status&quot;:[&quot;publish&quot;,&quot;acf-disabled&quot;],&quot;posts_per_page&quot;:&quot;20&quot;},&quot;orderby_query_args&quot;:{&quot;orderby&quot;:{&quot;date&quot;:&quot;DESC&quot;}},&quot;type&quot;:&quot;grid&quot;,&quot;us_grid_ajax_index&quot;:1,&quot;us_grid_filter_params&quot;:[],&quot;us_grid_index&quot;:1,&quot;_us_grid_post_type&quot;:&quot;post&quot;,&quot;page_args&quot;:[]}}'><\/div>\r\n\t<\/div><\/div><\/div><\/div><\/div><\/section>\n","protected":false},"excerpt":{"rendered":"Descubre los mejores centros de esqu\u00ed y actividades invernales Chile ofrece algunos de los mejores centros de esqu\u00ed de Sudam\u00e9rica, ideales para disfrutar de la temporada de nieve. Aqu\u00ed te presentamos los destinos m\u00e1s destacados: 1. Valle Nevado Ubicado a solo 46 km de Santiago, Valle Nevado es uno de los centros de esqu\u00ed m\u00e1s...","protected":false},"author":1,"featured_media":0,"parent":0,"menu_order":0,"comment_status":"closed","ping_status":"closed","template":"","meta":{"_acf_changed":false,"_joinchat":[],"footnotes":""},"class_list":["post-33","page","type-page","status-publish","hentry"],"acf":[],"_links":{"self":[{"href":"https:\/\/www.explorando.cl\/transcontinente\/wp-json\/wp\/v2\/pages\/33","targetHints":{"allow":["GET"]}}],"collection":[{"href":"https:\/\/www.explorando.cl\/transcontinente\/wp-json\/wp\/v2\/pages"}],"about":[{"href":"https:\/\/www.explorando.cl\/transcontinente\/wp-json\/wp\/v2\/types\/page"}],"author":[{"embeddable":true,"href":"https:\/\/www.explorando.cl\/transcontinente\/wp-json\/wp\/v2\/users\/1"}],"replies":[{"embeddable":true,"href":"https:\/\/www.explorando.cl\/transcontinente\/wp-json\/wp\/v2\/comments?post=33"}],"version-history":[{"count":1,"href":"https:\/\/www.explorando.cl\/transcontinente\/wp-json\/wp\/v2\/pages\/33\/revisions"}],"predecessor-version":[{"id":738,"href":"https:\/\/www.explorando.cl\/transcontinente\/wp-json\/wp\/v2\/pages\/33\/revisions\/738"}],"wp:attachment":[{"href":"https:\/\/www.explorando.cl\/transcontinente\/wp-json\/wp\/v2\/media?parent=33"}],"curies":[{"name":"wp","href":"https:\/\/api.w.org\/{rel}","templated":true}]}}